1 (base 8) to base 4
1
Convert 6 (base 8) to base 12.
6
0 (base 10) to base 4
0
What is -9 (base 13) in base 14?
-9
What is 1011000 (base 2) in base 8?
130
What is 3 (base 13) in base 5?
3
Convert 1 (base 10) to base 16.
1
Convert -47 (base 16) to base 8.
-107
-44 (base 11) to base 12
-40
82 (base 15) to base 13
95
-3a (base 16) to base 9
-64
What is c (base 16) in base 8?
14
Convert -9 (base 15) to base 4.
-21
Convert 111 (base 3) to base 7.
16
2210 (base 3) to base 5
300
2044 (base 5) to base 11
22a
What is 8 (base 12) in base 3?
22
What is -61 (base 7) in base 15?
-2d
What is -2 (base 3) in base 4?
-2
Convert -21 (base 8) to base 15.
-12
Convert 100 (base 2) to base 8.
4
-76 (base 8) to base 11
-57
What is 1 (base 12) in base 3?
1
-10 (base 15) to base 3
-120
What is -324 (base 7) in base 5?
-1130
Convert 59 (base 16) to base 9.
108
What is -1 (base 6) in base 11?
-1
-203 (base 6) to base 13
-5a
Convert b (base 12) to base 3.
102
What is -270 (base 9) in base 10?
-225
Convert -16 (base 7) to base 14.
-d
Convert 10011 (base 2) to base 5.
34
55 (base 7) to base 3
1111
What is -33 (base 4) in base 13?
-12
What is -5 (base 8) in base 6?
-5
-57 (base 12) to base 15
-47
What is 344 (base 7) in base 16?
b3
Convert 11121 (base 3) to base 9.
147
Convert 6 (base 8) to base 6.
10
Convert f (base 16) to base 15.
10
Convert 1 (base 5) to base 6.
1
Convert -2 (base 15) to base 3.
-2
What is 26b (base 12) in base 15?
19b
Convert 75 (base 11) to base 16.
52
What is -1a (base 11) in base 12?
-19
Convert 1110 (base 3) to base 13.
30
What is 80 (base 12) in base 11?
88
Convert -8 (base 16) to base 5.
-13
Convert -15 (base 10) to base 5.
-30
Convert 21 (base 10) to base 13.
18
-4 (base 15) to base 9
-4
What is -12 (base 5) in base 4?
-13
What is 11 (base 16) in base 8?
21
38 (base 16) to base 8
70
-24 (base 15) to base 4
-202
120 (base 6) to base 2
110000
What is -2 (base 16) in base 13?
-2
Convert -2 (base 3) to base 7.
-2
Convert 2 (base 14) to base 4.
2
-26 (base 12) to base 15
-20
Convert 11 (base 15) to base 7.
22
-25 (base 8) to base 7
-30
What is -17 (base 9) in base 10?
-16
What is 6 (base 16) in base 4?
12
0 (base 13) to base 15
0
33 (base 14) to base 15
30
Convert -7 (base 11) to base 3.
-21
What is -2122 (base 3) in base 10?
-71
Convert 1110 (base 4) to base 3.
10010
What is 3 (base 10) in base 11?
3
0 (base 12) to base 2
0
Convert 400 (base 7) to base 8.
304
Convert 0 (base 6) to base 3.
0
1 (base 13) to base 8
1
-41 (base 7) to base 15
-1e
Convert 4 (base 6) to base 9.
4
What is -10001010 (base 2) in base 7?
-255
31 (base 10) to base 6
51
Convert 7 (base 15) to base 12.
7
Convert -21 (base 6) to base 10.
-13
Convert -6 (base 11) to base 2.
-110
What is 4 (base 12) in base 2?
100
1 (base 7) to base 5
1
55 (base 7) to base 15
2a
Convert 3132 (base 4) to base 7.
435
Convert 223 (base 6) to base 10.
87
What is be (base 16) in base 11?
163
Convert 12 (base 4) to base 13.
6
Convert 3 (base 10) to base 16.
3
-16 (base 12) to base 9
-20
Convert -101 (base 4) to base 3.
-122
What is 133 (base 6) in base 15?
3c
Convert -2 (base 3) to base 16.
-2
-24 (base 10) to base 14
-1a
Convert 56 (base 10) to base 8.
70
Convert -12 (base 8) to base 15.
-a
Convert 21 (base 4) to base 16.
9
What is 222 (base 5) in base 13?
4a
What is 5 (base 11) in base 7?
5
What is 100000 (base 2) in base 11?
2a
-11 (base 3) to base 9
-4
What is -32 (base 5) in base 15?
-12
2 (base 8) to base 6
2
What is 0 (base 12) in base 15?
0
Convert 330 (base 4) to base 5.
220
10 (base 10) to base 7
13
-233 (base 5) to base 7
-125
What is -2 (base 9) in base 3?
-2
What is c (base 16) in base 15?
c
What is -220 (base 3) in base 14?
-1a
43 (base 8) to base 15
25
What is -10 (base 7) in base 14?
-7
Convert 4a (base 12) to base 2.
111010
Convert -20212 (base 3) to base 9.
-225
Convert 43 (base 7) to base 5.
111
Convert 33 (base 6) to base 5.
41
Convert -14 (base 8) to base 12.
-10
What is -1000 (base 2) in base 11?
-8
1100 (base 2) to base 14
c
Convert -5 (base 8) to base 2.
-101
Convert -bb (base 15) to base 9.
-215
What is 3 (base 15) in base 11?
3
What is 13 (base 9) in base 6?
20
Convert -6 (base 16) to base 7.
-6
-12 (base 3) to base 5
-10
Convert -20 (base 3) to base 15.
-6
What is -4 (base 5) in base 6?
-4
Convert -1 (base 10) to base 9.
-1
Convert 10 (base 6) to base 5.
11
What is -20 (base 6) in base 13?
-c
What is 1 (base 11) in base 16?
1
Convert -3 (base 16) to base 15.
-3
1313 (base 4) to base 3
11102
Convert -2 (base 15) to base 5.
-2
What is -10 (base 14) in base 8?
-16
Convert 1f (base 16) to base 11.
29
What is 101 (base 2) in base 5?
10
-13 (base 7) to base 12
-a
Convert -17 (base 9) to base 6.
-24
Convert 36 (base 7) to base 10.
27
Convert -605 (base 7) to base 13.
-1a0
7 (base 16) to base 13
7
What is 3 (base 7) in base 11?
3
What is -200 (base 5) in base 15?
-35
1021 (base 4) to base 14
53
Convert -1 (base 12) to base 14.
-1
What is -4 (base 15) in base 6?
-4
4 (base 14) to base 8
4
Convert -14 (base 14) to base 3.
-200
What is -2 (base 10) in base 15?
-2
-e (base 16) to base 9
-15
Convert 244 (base 6) to base 2.
1100100
Convert 10 (base 6) to base 11.
6
Convert 3 (base 15) to base 10.
3
Convert 63 (base 9) to base 15.
3c
-5 (base 13) to base 14
-5
Convert 1 (base 4) to base 8.
1
136 (base 9) to base 10
114
Convert 3 (base 4) to base 3.
10
What is -325 (base 7) in base 3?
-20011
Convert 3 (base 5) to base 9.
3
Convert -246 (base 7) to base 4.
-2010
What is a (base 16) in base 6?
14
-101002 (base 3) to base 13
-17c
What is 223 (base 5) in base 6?
143
-1010 (base 2) to base 15
-a
Convert 1b (base 15) to base 3.
222
What is -50 (base 6) in base 14?
-22
Convert -10 (base 9) to base 15.
-9
Convert -1102 (base 3) to base 5.
-123
Convert -14 (base 15) to base 8.
-23
Convert e (base 15) to base 7.
20
What is -2 (base 8) in base 15?
-2
What is -14 (base 8) in base 14?
-c
What is -1 (base 3) in base 14?
-1
Convert -17 (base 16) to base 15.
-18
What is 200 (base 3) in base 8?
22
1 (base 2) to base 14
1
What is -2 (base 16) in base 14?
-2
What is 27 (base 16) in base 14?
2b
Convert 101 (base 3) to base 5.
20
Convert 122 (base 5) to base 14.
29
Convert 2 (base 14) to base 13.
2
-320 (base 4) to base 10
-56
What is 3 (base 12) in base 2?
11
101 (base 2) to base 10
5
Convert 21 (base 12) to base 7.
34
Convert -100 (base 5) to base 3.
-221
Convert 0 (base 16) to base 12.
0
What is 562 (base 7) in base 14?
169
What is -1a (base 11) in base 4?
-111
-7 (base 14) to base 13
-7
128 (base 10) to base 14
92
7 (base 10) to base 2
111
Convert -4 (base 10) to base 11.
-4
-16 (base 9) to base 5
-30
-11 (base 3) to base 9
-4
-72 (base 13) to base 7
-162
2 (base 15) to base 3
2
What is 121 (base 3) in base 2?
10000
Convert -2 (base 6) to base 11.
-2
Convert -42 (base 5) to base 11.
-20
2 (base 11) to base 5
2
-23 (base 13) to base 16
-1d
Convert -42 (base 14) to base 9.
-64
What is 0 (base 4) in base 16?
0
What is -3 (base 12) in base 15?
-3
2b (base 14) to base 5
124
6 (base 16) to base 3
20
166 (base 16) to base 12
25a
Convert -70 (base 8) to base 10.
-56
2013 (base 6) to base 15
1e6
What is -43 (base 10) in base 16?
-2b
What is -50 (base 13) in base 12?
-55
Convert 12 (base 7) to base 15.
9
What is -1 (base 8) in base 4?
-1
What is 25 (base 6) in base 14?
13
Convert 1 (base 2) to base 13.
1
-43 (base 13) to base 7
-106
43 (base 13) to base 11
50
Convert -8 (base 11) to base 12.
-8
103 (base 4) to base 2
10011
32 (base 4) to base 12
12
-1 (base 8) to base 16
-1
What is -8 (base 9) in base 12?
-8
Convert -5 (base 9) to base 12.
-5
10000 (base 2) to base 3
121
14 (base 16) to base 9
22
Convert 16 (base 11) to base 10.
17
Convert -243 (base 6) to base 2.
-1100011
Convert 2 (base 8) to base 11.
2
What is 20 (base 12) in base 10?
24
Convert -34 (base 16) to base 2.
-110100
Convert 0 (base 4) to base 7.
0
What is 27 (base 9) in base 12?
21
Convert -33 (base 4) to base 11.
-14
-100001 (base 2) to base 6
-53
Convert 0 (base 5) to base 10.
0
Convert 10 (base 9) to base 3.
100
-17 (base 10) to base 15
-12
a (base 13) to base 2
1010
What is -1 (base 4) in base 6?
-1
-13 (base 5) to base 4
-20
What is 11 (base 3) in base 16?
4
11 (base 2) to base 6
3
Convert -22 (base 7) to base 6.
-24
139 (base 16) to base 14
185
